{"id":11730,"date":"2026-05-12T10:26:48","date_gmt":"2026-05-12T10:26:48","guid":{"rendered":"https:\/\/srtravel.vn\/?page_id=11730"},"modified":"2026-05-12T10:26:51","modified_gmt":"2026-05-12T10:26:51","slug":"huong-dan-xoa-du-lieu-ca-nhan","status":"publish","type":"page","link":"https:\/\/srtravel.vn\/?page_id=11730","title":{"rendered":"H\u01b0\u1edbng d\u1eabn x\u00f3a d\u1eef li\u1ec7u c\u00e1 nh\u00e2n"},"content":{"rendered":"\n<p><strong>C\u00d4NG TY C\u1ed4 PH\u1ea6N SRTRAVEL INTERNATIONAL<\/strong><\/p>\n\n\n\n<p>T\u1ea1i Srtravel, ch\u00fang t\u00f4i t\u00f4n tr\u1ecdng quy\u1ec1n ri\u00eang t\u01b0 v\u00e0 cam k\u1ebft b\u1ea3o v\u1ec7 d\u1eef li\u1ec7u c\u00e1 nh\u00e2n c\u1ee7a b\u1ea1n. Theo quy \u0111\u1ecbnh c\u1ee7a Facebook, ch\u00fang t\u00f4i cung c\u1ea5p h\u01b0\u1edbng d\u1eabn d\u01b0\u1edbi \u0111\u00e2y \u0111\u1ec3 b\u1ea1n c\u00f3 th\u1ec3 y\u00eau c\u1ea7u x\u00f3a d\u1eef li\u1ec7u c\u1ee7a m\u00ecnh khi kh\u00f4ng c\u00f2n nhu c\u1ea7u s\u1eed d\u1ee5ng \u1ee9ng d\u1ee5ng Chatbot tr\u00ean Facebook Messenger c\u1ee7a ch\u00fang t\u00f4i.<\/p>\n\n\n\n<h3 class=\"wp-block-heading\">C\u00e1ch 1: G\u1eedi y\u00eau c\u1ea7u tr\u1ef1c ti\u1ebfp \u0111\u1ebfn Srtravel (Khuy\u00ean d\u00f9ng)<\/h3>\n\n\n\n<p>N\u1ebfu b\u1ea1n mu\u1ed1n x\u00f3a to\u00e0n b\u1ed9 th\u00f4ng tin c\u00e1 nh\u00e2n (H\u1ecd t\u00ean, s\u1ed1 \u0111i\u1ec7n tho\u1ea1i, email, l\u1ecbch s\u1eed chat) \u0111\u00e3 l\u01b0u tr\u1eef tr\u00ean h\u1ec7 th\u1ed1ng c\u1ee7a ch\u00fang t\u00f4i, vui l\u00f2ng th\u1ef1c hi\u1ec7n c\u00e1c b\u01b0\u1edbc sau:<\/p>\n\n\n\n<ol start=\"1\" class=\"wp-block-list\">\n<li>G\u1eedi email v\u1ec1 \u0111\u1ecba ch\u1ec9: <strong>info@srtravel.vn<\/strong><\/li>\n\n\n\n<li>Ti\u00eau \u0111\u1ec1 email: <strong>Y\u00eau c\u1ea7u x\u00f3a d\u1eef li\u1ec7u c\u00e1 nh\u00e2n &#8211; [T\u00ean Facebook c\u1ee7a b\u1ea1n]<\/strong><\/li>\n\n\n\n<li>N\u1ed9i dung: Vui l\u00f2ng cung c\u1ea5p ID ng\u01b0\u1eddi d\u00f9ng Facebook (n\u1ebfu c\u00f3) ho\u1eb7c s\u1ed1 \u0111i\u1ec7n tho\u1ea1i b\u1ea1n \u0111\u00e3 \u0111\u0103ng k\u00fd v\u1edbi Chatbot.<\/li>\n\n\n\n<li><strong>X\u1eed l\u00fd:<\/strong> B\u1ed9 ph\u1eadn k\u1ef9 thu\u1eadt c\u1ee7a ch\u00fang t\u00f4i s\u1ebd x\u00e1c nh\u1eadn v\u00e0 ti\u1ebfn h\u00e0nh x\u00f3a v\u0129nh vi\u1ec5n d\u1eef li\u1ec7u c\u1ee7a b\u1ea1n kh\u1ecfi m\u00e1y ch\u1ee7 trong v\u00f2ng <strong>72 gi\u1edd l\u00e0m vi\u1ec7c<\/strong> v\u00e0 g\u1eedi th\u00f4ng b\u00e1o x\u00e1c nh\u1eadn l\u1ea1i cho b\u1ea1n qua email.<\/li>\n<\/ol>\n\n\n\n<h3 class=\"wp-block-heading\">C\u00e1ch 2: G\u1ee1 b\u1ecf \u1ee9ng d\u1ee5ng th\u00f4ng qua c\u00e0i \u0111\u1eb7t Facebook<\/h3>\n\n\n\n<p>B\u1ea1n c\u00f3 th\u1ec3 ch\u1ee7 \u0111\u1ed9ng ng\u1eaft k\u1ebft n\u1ed1i v\u00e0 x\u00f3a c\u00e1c ho\u1ea1t \u0111\u1ed9ng c\u1ee7a m\u00ecnh v\u1edbi \u1ee9ng d\u1ee5ng Srtravel b\u1eb1ng c\u00e1ch:<\/p>\n\n\n\n<ol start=\"1\" class=\"wp-block-list\">\n<li>Truy c\u1eadp v\u00e0o t\u00e0i kho\u1ea3n Facebook c\u00e1 nh\u00e2n c\u1ee7a b\u1ea1n.<\/li>\n\n\n\n<li>\u0110i \u0111\u1ebfn m\u1ee5c <strong>C\u00e0i \u0111\u1eb7t &amp; Quy\u1ec1n ri\u00eang t\u01b0<\/strong> > <strong>C\u00e0i \u0111\u1eb7t<\/strong>.<\/li>\n\n\n\n<li>T\u00ecm v\u00e0 ch\u1ecdn m\u1ee5c <strong>\u1ee8ng d\u1ee5ng v\u00e0 trang web<\/strong> (Apps and Websites).<\/li>\n\n\n\n<li>T\u00ecm \u1ee9ng d\u1ee5ng mang t\u00ean <strong>&#8220;Srtravel&#8221;<\/strong>.<\/li>\n\n\n\n<li>Nh\u1ea5n n\u00fat <strong>G\u1ee1 b\u1ecf<\/strong> (Remove).<\/li>\n\n\n\n<li>(T\u00f9y ch\u1ecdn) T\u00edch v\u00e0o \u00f4 <strong>&#8220;\u0110\u1ed3ng th\u1eddi x\u00f3a t\u1ea5t c\u1ea3 c\u00e1c b\u00e0i vi\u1ebft, \u1ea3nh ho\u1eb7c video tr\u00ean Facebook m\u00e0 Srtravel c\u00f3 th\u1ec3 \u0111\u00e3 \u0111\u0103ng thay m\u1eb7t b\u1ea1n&#8221;<\/strong> v\u00e0 nh\u1ea5n <strong>G\u1ee1 b\u1ecf<\/strong> l\u1ea7n n\u1eefa \u0111\u1ec3 x\u00e1c nh\u1eadn.<\/li>\n<\/ol>\n\n\n\n<h3 class=\"wp-block-heading\">C\u00e1ch 3: Ki\u1ec3m tra tr\u1ea1ng th\u00e1i y\u00eau c\u1ea7u x\u00f3a d\u1eef li\u1ec7u<\/h3>\n\n\n\n<p>Facebook cung c\u1ea5p t\u00ednh n\u0103ng ki\u1ec3m tra tr\u1ea1ng th\u00e1i y\u00eau c\u1ea7u x\u00f3a d\u1eef li\u1ec7u (Data Deletion Checkup). Sau khi b\u1ea1n th\u1ef1c hi\u1ec7n g\u1ee1 b\u1ecf \u1ee9ng d\u1ee5ng \u1edf C\u00e1ch 2, b\u1ea1n c\u00f3 th\u1ec3 ki\u1ec3m tra xem d\u1eef li\u1ec7u c\u1ee7a m\u00ecnh \u0111\u00e3 \u0111\u01b0\u1ee3c x\u1eed l\u00fd ch\u01b0a b\u1eb1ng c\u00e1ch nh\u1ea5n v\u00e0o n\u00fat &#8220;Ki\u1ec3m tra tr\u1ea1ng th\u00e1i&#8221; trong m\u1ee5c \u1ee8ng d\u1ee5ng \u0111\u00e3 g\u1ee1 b\u1ecf tr\u00ean Facebook.<\/p>\n\n\n\n<h3 class=\"wp-block-heading\">Li\u00ean h\u1ec7 h\u1ed7 tr\u1ee3<\/h3>\n\n\n\n<p>N\u1ebfu b\u1ea1n g\u1eb7p b\u1ea5t k\u1ef3 kh\u00f3 kh\u0103n n\u00e0o trong qu\u00e1 tr\u00ecnh th\u1ef1c hi\u1ec7n, vui l\u00f2ng li\u00ean h\u1ec7 v\u1edbi ch\u00fang t\u00f4i qua c\u00e1c k\u00eanh sau:<\/p>\n\n\n\n<ul class=\"wp-block-list\">\n<li><strong>C\u00f4ng ty C\u1ed5 ph\u1ea7n Srtravel International<\/strong><\/li>\n\n\n\n<li><strong>\u0110\u1ecba ch\u1ec9:<\/strong> S\u1ed1 24, Ng\u00f5 12, Ph\u1ed1 \u0110\u00e0o T\u1ea5n, Ba \u0110\u00ecnh, H\u00e0 N\u1ed9i.<\/li>\n\n\n\n<li><strong>\u0110i\u1ec7n tho\u1ea1i:<\/strong> 1900 8105<\/li>\n\n\n\n<li><strong>Website:<\/strong> <a href=\"https:\/\/srtravel.vn\" target=\"_blank\" rel=\"noreferrer noopener\">https:\/\/srtravel.vn<\/a><\/li>\n<\/ul>\n","protected":false},"excerpt":{"rendered":"<p>C\u00d4NG TY C\u1ed4 PH\u1ea6N SRTRAVEL INTERNATIONAL T\u1ea1i Srtravel, ch\u00fang t\u00f4i t\u00f4n tr\u1ecdng quy\u1ec1n ri\u00eang t\u01b0 v\u00e0 cam k\u1ebft b\u1ea3o v\u1ec7 d\u1eef li\u1ec7u c\u00e1 nh\u00e2n c\u1ee7a b\u1ea1n. Theo quy \u0111\u1ecbnh c\u1ee7a Facebook, ch\u00fang t\u00f4i cung c\u1ea5p h\u01b0\u1edbng d\u1eabn d\u01b0\u1edbi \u0111\u00e2y \u0111\u1ec3 b\u1ea1n c\u00f3 th\u1ec3 y\u00eau c\u1ea7u x\u00f3a d\u1eef li\u1ec7u c\u1ee7a m\u00ecnh khi kh\u00f4ng c\u00f2n nhu c\u1ea7u [&hellip;]<\/p>\n","protected":false},"author":1,"featured_media":0,"parent":0,"menu_order":0,"comment_status":"closed","ping_status":"closed","template":"","meta":{"rank_math_title":"","rank_math_description":"","rank_math_focus_keyword":"","footnotes":""},"class_list":["post-11730","page","type-page","status-publish","hentry"],"jetpack-related-posts":[{"id":10361,"url":"https:\/\/srtravel.vn\/?page_id=10361","url_meta":{"origin":11730,"position":0},"title":"Y\u00eau c\u1ea7u x\u00f3a d\u1eef li\u1ec7u Facebook","author":"Glass","date":"06\/14\/2025","format":false,"excerpt":"Y\u00eau c\u1ea7u x\u00f3a d\u1eef li\u1ec7u Facebook N\u1ebfu b\u1ea1n mu\u1ed1n x\u00f3a d\u1eef li\u1ec7u c\u00e1 nh\u00e2n m\u00e0 \u1ee9ng d\u1ee5ng c\u1ee7a ch\u00fang t\u00f4i thu th\u1eadp t\u1eeb Facebook, vui l\u00f2ng g\u1eedi y\u00eau c\u1ea7u qua email \u0111\u1ebfn support@srtravel.vn k\u00e8m theo ID ng\u01b0\u1eddi d\u00f9ng Facebook c\u1ee7a b\u1ea1n.","rel":"","context":"B\u00e0i t\u01b0\u01a1ng t\u1ef1","block_context":{"text":"B\u00e0i t\u01b0\u01a1ng t\u1ef1","link":""},"img":{"alt_text":"","src":"","width":0,"height":0},"classes":[]},{"id":11705,"url":"https:\/\/srtravel.vn\/?page_id=11705","url_meta":{"origin":11730,"position":1},"title":"Ch\u00ednh s\u00e1ch quy\u1ec1n ri\u00eang t\u01b0","author":"DuongDuy","date":"05\/12\/2026","format":false,"excerpt":"QUY\u1ec0N RI\u00caNG T\u01af C\u1ee6A NG\u01af\u1edcI D\u00d9NG (USER PRIVACY RIGHTS) T\u1ea1i Srtravel, ch\u00fang t\u00f4i t\u00f4n tr\u1ecdng quy\u1ec1n ki\u1ec3m so\u00e1t c\u1ee7a b\u1ea1n \u0111\u1ed1i v\u1edbi d\u1eef li\u1ec7u c\u00e1 nh\u00e2n. D\u01b0\u1edbi \u0111\u00e2y l\u00e0 c\u00e1c quy\u1ec1n c\u1ee5 th\u1ec3 m\u00e0 b\u1ea1n c\u00f3 khi t\u01b0\u01a1ng t\u00e1c v\u1edbi h\u1ec7 th\u1ed1ng Chatbot v\u00e0 Website c\u1ee7a ch\u00fang t\u00f4i: 1. Quy\u1ec1n\u2026","rel":"","context":"B\u00e0i t\u01b0\u01a1ng t\u1ef1","block_context":{"text":"B\u00e0i t\u01b0\u01a1ng t\u1ef1","link":""},"img":{"alt_text":"","src":"","width":0,"height":0},"classes":[]},{"id":3,"url":"https:\/\/srtravel.vn\/?page_id=3","url_meta":{"origin":11730,"position":2},"title":"Ch\u00ednh s\u00e1ch b\u1ea3o m\u1eadt","author":"DuongDuy","date":"09\/06\/2024","format":false,"excerpt":"C\u00d4NG TY C\u1ed4 PH\u1ea6N SRTRAVEL INTERNATIONAL Ch\u00ednh s\u00e1ch b\u1ea3o m\u1eadt n\u00e0y c\u1ee7a C\u00f4ng ty C\u1ed5 ph\u1ea7n Srtravel International (\u201cSrtravel\u201d, \u201cch\u00fang t\u00f4i\u201d) n\u00eau r\u00f5 c\u00e1ch th\u1ee9c ch\u00fang t\u00f4i thu th\u1eadp, s\u1eed d\u1ee5ng, l\u01b0u tr\u1eef v\u00e0 b\u1ea3o v\u1ec7 th\u00f4ng tin c\u00e1 nh\u00e2n c\u1ee7a kh\u00e1ch h\u00e0ng khi truy c\u1eadp website, s\u1eed d\u1ee5ng c\u00e1c\u2026","rel":"","context":"B\u00e0i t\u01b0\u01a1ng t\u1ef1","block_context":{"text":"B\u00e0i t\u01b0\u01a1ng t\u1ef1","link":""},"img":{"alt_text":"","src":"","width":0,"height":0},"classes":[]},{"id":10363,"url":"https:\/\/srtravel.vn\/?page_id=10363","url_meta":{"origin":11730,"position":3},"title":"\u0110i\u1ec1u kho\u1ea3n D\u1ecbch v\u1ee5","author":"Glass","date":"06\/14\/2025","format":false,"excerpt":"C\u00d4NG TY C\u1ed4 PH\u1ea6N SRTRAVEL INTERNATIONAL Ch\u00e0o m\u1eebng b\u1ea1n \u0111\u1ebfn v\u1edbi Srtravel. B\u1eb1ng vi\u1ec7c truy c\u1eadp website ho\u1eb7c s\u1eed d\u1ee5ng h\u1ec7 th\u1ed1ng Chatbot t\u1ef1 \u0111\u1ed9ng c\u1ee7a ch\u00fang t\u00f4i tr\u00ean n\u1ec1n t\u1ea3ng Facebook, b\u1ea1n \u0111\u1ed3ng \u00fd tu\u00e2n th\u1ee7 v\u00e0 ch\u1ecbu s\u1ef1 r\u00e0ng bu\u1ed9c b\u1edfi c\u00e1c \u0111i\u1ec1u kho\u1ea3n v\u00e0 \u0111i\u1ec1u ki\u1ec7n d\u01b0\u1edbi\u2026","rel":"","context":"B\u00e0i t\u01b0\u01a1ng t\u1ef1","block_context":{"text":"B\u00e0i t\u01b0\u01a1ng t\u1ef1","link":""},"img":{"alt_text":"","src":"","width":0,"height":0},"classes":[]},{"id":10082,"url":"https:\/\/srtravel.vn\/?page_id=10082","url_meta":{"origin":11730,"position":4},"title":"Ch\u00ednh S\u00e1ch Bi\u00ean T\u1eadp N\u1ed9i Dung","author":"Glass","date":"06\/03\/2025","format":false,"excerpt":"C\u00f4ng ty C\u1ed5 ph\u1ea7n Srtravel International Cam k\u1ebft b\u1ea3o to\u00e0n th\u00f4ng tin bi\u00ean t\u1eadp C\u00f4ng ty C\u1ed5 ph\u1ea7n Srtravel International cam k\u1ebft cung c\u1ea5p n\u1ed9i dung ch\u00ednh x\u00e1c, tin c\u1eady v\u00e0 h\u1eefu \u00edch li\u00ean quan \u0111\u1ebfn c\u00e1c d\u1ecbch v\u1ee5 du l\u1ecbch qu\u1ed1c t\u1ebf, xin visa, v\u00e0 t\u01b0 v\u1ea5n h\u00e0nh tr\u00ecnh.\u2026","rel":"","context":"B\u00e0i t\u01b0\u01a1ng t\u1ef1","block_context":{"text":"B\u00e0i t\u01b0\u01a1ng t\u1ef1","link":""},"img":{"alt_text":"","src":"","width":0,"height":0},"classes":[]},{"id":7440,"url":"https:\/\/srtravel.vn\/?page_id=7440","url_meta":{"origin":11730,"position":5},"title":"Ch\u00ednh s\u00e1ch ho\u00e0n, h\u1ee7y, \u0111\u1ed5i","author":"DuongDuy","date":"09\/07\/2024","format":false,"excerpt":"Kh\u00e1ch h\u00e0ng y\u00eau c\u1ea7u hu\u1ef7 tour Sau khi k\u00fd h\u1ee3p \u0111\u1ed3ng, n\u1ebfu B\u00ean A y\u00eau c\u1ea7u hu\u1ef7 tour th\u00ec ch\u00ednh s\u00e1ch ph\u00ed hu\u1ef7 tour \u0111\u01b0\u1ee3c \u00e1p d\u1ee5ng: Chi ti\u1ebft theo t\u1eebng tour c\u1ee5 th\u1ec3: \u00a0\u00a0\u00a0*Ph\u00ed h\u1ee7y tour \u00e1p d\u1ee5ng trong m\u1ecdi tr\u01b0\u1eddng h\u1ee3p khi kh\u00e1ch h\u00e0ng ch\u1ee7 \u0111\u1ed9ng y\u00eau c\u1ea7u\u2026","rel":"","context":"B\u00e0i t\u01b0\u01a1ng t\u1ef1","block_context":{"text":"B\u00e0i t\u01b0\u01a1ng t\u1ef1","link":""},"img":{"alt_text":"","src":"","width":0,"height":0},"classes":[]}],"jetpack_sharing_enabled":true,"_links":{"self":[{"href":"https:\/\/srtravel.vn\/index.php?rest_route=\/wp\/v2\/pages\/11730","targetHints":{"allow":["GET"]}}],"collection":[{"href":"https:\/\/srtravel.vn\/index.php?rest_route=\/wp\/v2\/pages"}],"about":[{"href":"https:\/\/srtravel.vn\/index.php?rest_route=\/wp\/v2\/types\/page"}],"author":[{"embeddable":true,"href":"https:\/\/srtravel.vn\/index.php?rest_route=\/wp\/v2\/users\/1"}],"replies":[{"embeddable":true,"href":"https:\/\/srtravel.vn\/index.php?rest_route=%2Fwp%2Fv2%2Fcomments&post=11730"}],"version-history":[{"count":1,"href":"https:\/\/srtravel.vn\/index.php?rest_route=\/wp\/v2\/pages\/11730\/revisions"}],"predecessor-version":[{"id":11731,"href":"https:\/\/srtravel.vn\/index.php?rest_route=\/wp\/v2\/pages\/11730\/revisions\/11731"}],"wp:attachment":[{"href":"https:\/\/srtravel.vn\/index.php?rest_route=%2Fwp%2Fv2%2Fmedia&parent=11730"}],"curies":[{"name":"wp","href":"https:\/\/api.w.org\/{rel}","templated":true}]}}